rime factors of 147048.
2, 3, 11, 557
List the prime factors of 857.
857
List the prime factors of 2169.
3, 241
What are the prime factors of 13112?
2, 11, 149
What are the prime factors of 1020?
2, 3, 5, 17
List the prime factors of 1085.
5, 7, 31
What are the prime factors of 84917?
7, 1733
What are the prime factors of 12260?
2, 5, 613
What are the prime factors of 1647?
3, 61
List the prime factors of 19674.
2, 3, 1093
What are the prime factors of 10?
2, 5
What are the prime factors of 130?
2, 5, 13
List the prime factors of 46871.
11, 4261
List the prime factors of 35408.
2, 2213
List the prime factors of 8170.
2, 5, 19, 43
List the prime factors of 994.
2, 7, 71
List the prime factors of 13.
13
What are the prime factors of 4713?
3, 1571
What are the prime factors of 14937?
3, 13, 383
What are the prime factors of 604?
2, 151
List the prime factors of 78152.
2, 9769
What are the prime factors of 25168?
2, 11, 13
List the prime factors of 114877.
7, 16411
What are the prime factors of 68686?
2, 61, 563
What are the prime factors of 11325?
3, 5, 151
What are the prime factors of 4404?
2, 3, 367
What are the prime factors of 4086?
2, 3, 227
What are the prime factors of 30534?
2, 3, 7, 727
What are the prime factors of 69054?
2, 3, 17, 677
List the prime factors of 7253.
7253
List the prime factors of 6037.
6037
List the prime factors of 174.
2, 3, 29
What are the prime factors of 1394?
2, 17, 41
List the prime factors of 40600.
2, 5, 7, 29
What are the prime factors of 14781?
3, 13, 379
What are the prime factors of 70453?
47, 1499
What are the prime factors of 15144?
2, 3, 631
What are the prime factors of 494?
2, 13, 19
List the prime factors of 100982.
2, 7, 7213
List the prime factors of 110653.
17, 23, 283
List the prime factors of 1568.
2, 7
List the prime factors of 4346.
2, 41, 53
What are the prime factors of 1443?
3, 13, 37
List the prime factors of 1517.
37, 41
What are the prime factors of 81145?
5, 16229
What are the prime factors of 6503?
7, 929
List the prime factors of 3678.
2, 3, 613
List the prime factors of 50464.
2, 19, 83
What are the prime factors of 1946?
2, 7, 139
What are the prime factors of 30025?
5, 1201
What are the prime factors of 8051?
83, 97
What are the prime factors of 3356?
2, 839
List the prime factors of 5465.
5, 1093
What are the prime factors of 47590?
2, 5, 4759
What are the prime factors of 371?
7, 53
List the prime factors of 19997.
19997
List the prime factors of 5119.
5119
List the prime factors of 1544.
2, 193
What are the prime factors of 10890?
2, 3, 5, 11
What are the prime factors of 973?
7, 139
List the prime factors of 11701.
11701
What are the prime factors of 29367?
3, 13, 251
List the prime factors of 155246.
2, 7, 13, 853
What are the prime factors of 775?
5, 31
List the prime factors of 3059.
7, 19, 23
What are the prime factors of 8296?
2, 17, 61
What are the prime factors of 18479?
17, 1087
List the prime factors of 2324.
2, 7, 83
List the prime factors of 39971.
39971
What are the prime factors of 590?
2, 5, 59
What are the prime factors of 1010?
2, 5, 101
What are the prime factors of 20580?
2, 3, 5, 7
List the prime factors of 4619.
31, 149
List the prime factors of 67788.
2, 3, 7, 269
What are the prime factors of 182629?
181, 1009
What are the prime factors of 40888?
2, 19, 269
What are the prime factors of 71530?
2, 5, 23, 311
What are the prime factors of 55777?
17, 193
List the prime factors of 52846.
2, 26423
List the prime factors of 16755.
3, 5, 1117
List the prime factors of 1781.
13, 137
List the prime factors of 520.
2, 5, 13
What are the prime factors of 3730?
2, 5, 373
What are the prime factors of 55635?
3, 5, 3709
List the prime factors of 49419.
3, 17, 19
List the prime factors of 2590.
2, 5, 7, 37
List the prime factors of 12458.
2, 6229
List the prime factors of 16449.
3, 5483
List the prime factors of 740.
2, 5, 37
What are the prime factors of 4635?
3, 5, 103
What are the prime factors of 44957?
11, 61, 67
What are the prime factors of 6011?
6011
List the prime factors of 652.
2, 163
List the prime factors of 4184.
2, 523
List the prime factors of 901.
17, 53
List the prime factors of 84730.
2, 5, 37, 229
List the prime factors of 19109.
97, 197
What are the prime factors of 160526?
2, 80263
List the prime factors of 22138.
2, 11069
What are the prime factors of 2793?
3, 7, 19
What are the prime factors of 89191?
79, 1129
List the prime factors of 1987.
1987
List the prime factors of 2910.
2, 3, 5, 97
List the prime factors of 4229.
4229
List the prime factors of 2821.
7, 13, 31
What are the prime factors of 14458?
2, 7229
What are the prime factors of 9233?
7, 1319
What are the prime factors of 53317?
11, 37, 131
List the prime factors of 49077.
3, 7, 19, 41
What are the prime factors of 1655?
5, 331
What are the prime factors of 7056?
2, 3, 7
List the prime factors of 33274.
2, 127, 131
What are the prime factors of 38023?
47, 809
List the prime factors of 7887.
3, 11, 239
List the prime factors of 8110.
2, 5, 811
What are the prime factors of 1859?
11, 13
List the prime factors of 786.
2, 3, 131
List the prime factors of 126.
2, 3, 7
What are the prime factors of 1398?
2, 3, 233
List the prime factors of 3971.
11, 19
List the prime factors of 73242.
2, 3, 13, 313
What are the prime factors of 306?
2, 3, 17
List the prime factors of 76150.
2, 5, 1523
What are the prime factors of 16176?
2, 3, 337
What are the prime factors of 14502?
2, 3, 2417
List the prime factors of 6667.
59, 113
What are the prime factors of 4845?
3, 5, 17, 19
List the prime factors of 21246.
2, 3, 3541
What are the prime factors of 795?
3, 5, 53
What are the prime factors of 2931?
3, 977
List the prime factors of 5296.
2, 331
What are the prime factors of 253?
11, 23
List the prime factors of 3484.
2, 13, 67
List the prime factors of 8086.
2, 13, 311
What are the prime factors of 56960?
2, 5, 89
What are the prime factors of 4962?
2, 3, 827
What are the prime factors of 1966?
2, 983
List the prime factors of 543.
3, 181
What are the prime factors of 169408?
2, 2647
What are the prime factors of 78157?
78157
What are the prime factors of 14102?
2, 11, 641
List the prime factors of 1412.
2, 353
List the prime factors of 71734.
2, 13, 31, 89
List the prime factors of 71743.
7, 37, 277
List the prime factors of 877.
877
List the prime factors of 2148.
2, 3, 179
List the prime factors of 10819.
31, 349
List the prime factors of 51389.
13, 59, 67
List the prime factors of 26500.
2, 5, 53
What are the prime factors of 2279?
43, 53
What are the prime factors of 2603?
19, 137
List the prime factors of 16096.
2, 503
List the prime factors of 2471.
7, 353
What are the prime factors of 54216?
2, 3, 251
List the prime factors of 531.
3, 59
What are the prime factors of 9693?
3, 359
List the prime factors of 1898.
2, 13, 73
What are the prime factors of 89683?
11, 31, 263
List the prime factors of 8260.
2, 5, 7, 59
List the prime factors of 61116.
2, 3, 11, 463
List the prime factors of 38841.
3, 11, 107
What are the prime factors of 563?
563
What are the prime factors of 609?
3, 7, 29
List the prime factors of 1262.
2, 631
What are the prime factors of 27134?
2, 13567
What are the prime factors of 2649?
3, 883
List the prime factors of 16092.
2, 3, 149
What are the prime factors of 262?
2, 131
List the prime factors of 21731.
31, 701
What are the prime factors of 247?
13, 19
What are the prime factors of 320?
2, 5
What are the prime factors of 3894?
2, 3, 11, 59
List the prime factors of 20284.
2, 11, 461
What are the prime factors of 12119?
12119
List the prime factors of 10100.
2, 5, 101
What are the prime factors of 871?
13, 67
What are the prime factors of 11426?
2, 29, 197
What are the prime factors of 1100?
2, 5, 11
What are the prime factors of 5280?
2, 3, 5, 11
List the prime factors of 24605.
5, 7, 19, 37
List the prime factors of 116996.
2, 11, 2659
List the prime factors of 5958.
2, 3, 331
What are the prime factors of 84959?
7, 53, 229
List the prime factors of 3868.
2, 967
List the prime factors of 17049.
3, 5683
What are the prime factors of 5668?
2, 13, 109
List the prime factors of 414.
2, 3, 23
What are the prime factors of 37163?
7, 5309
What are the prime factors of 78294?
